 17 is divided by x?
7
Let j = 0 + 4. Let b(s) = s**2 + 4*s + 2. Let w be b(-4). Suppose 31 = q - 4*p, -j*q = -6*q + w*p + 50. What is the remainder when q is divided by 12?
11
Suppose 0 = 3*m + 4 + 8. What is the remainder when (-60)/m + 3 + -1 is divided by 9?
8
Let v = 134 - 189. Let t = v - -85. Let w = -33 - -49. Calculate the remainder when t is divided by w.
14
Let m = -7 - -9. Let b = -11 + 32. Calculate the remainder when -124*(2 + (-5)/m) is divided by b.
20
What is the remainder when (2 - 6)/(-8) - 147/(-2) is divided by 15?
14
Suppose -2*s + 4 = 2*r, -5*s + 2*s + 22 = -5*r. Suppose 15 = -t - s*t. What is the remainder when (-18)/t*16/6 is divided by 9?
7
Let m(v) = -2*v**3 - 3*v**2 - 2*v. Let l be m(-2). What is the remainder when 594/21 - l/28 is divided by 10?
8
Let l(n) = -n**3 + 8*n**2 + 9*n + 4. Calculate the remainder when 12 is divided by l(9).
0
Suppose -70 = -0*u - 5*u. Suppose 0 = -s + 3*s - 56. Suppose -2*l - 6*n + 36 = -n, 4*l - n = s. What is the remainder when u is divided by l?
6
Let d = -6 + 0. Suppose -2*z - 5*p - 64 = 52, 290 = -5*z + p. Calculate the remainder when 25 is divided by z/d + 4/(-6).
7
Suppose -3*f - 4*j - 62 = 0, 6*j - 3*j = -15. Let q = 21 + f. Let i = -8 + 28. Calculate the remainder when i is divided by q.
6
Suppose 5*f - 7*f = -88. Calculate the remainder when 174 is divided by f.
42
Let j(h) = 3*h**2 + 12*h + 39. What is the remainder when j(-4) is divided by 22?
17
Let y be (-32)/(-12)*3/4. What is the remainder when 47 is divided by (y - 4) + (12 - -2)?
11
Suppose -5*r + 25 = -0*r. Let m = 7 + r. What is the remainder when 46 is divided by m?
10
Let v = 0 + -6. What is the remainder when ((-2)/v)/((-2)/(-18)) is divided by 1?
0
Let y(w) = w + 2. Suppose 2*q = 4*h + 2, 4*q - 5*h + 3 = 16. Suppose g + 0*g = q. What is the remainder when 25 is divided by y(g)?
7
What is the remainder when 118 is divided by 1*(-2)/12 - (-725)/30?
22
Suppose 2*q + 3*a = 8, 0 = -5*q - 3*a + 5*a + 58. Suppose -q = -5*v + 40. Calculate the remainder when v is divided by 6.
4
Suppose 2*u = -2*n, -5*n - 3*u = -u - 3. Suppose 5 = -x + 1. Calculate the remainder when 2 is divided by n/x + 45/20.
0
What is the remainder when 67 + 0 - (-19 + 15) is divided by ((-18)/(-5))/((-1)/(-5))?
17
Suppose 9 = 4*k - 3. Suppose 0 = -k*c + 4*h - 0*h + 85, 4*c - 80 = -3*h. What is the remainder when c is divided by 8?
7
Suppose -n + 12 = -0*n. Suppose 3 + n = 5*z. Suppose -z*m + m + 16 = 0. What is the remainder when 23 is divided by m?
7
Suppose 4*r - 2*r + 8 = 0. Let o(m) = -8*m - 9. Calculate the remainder when o(r) is divided by 8.
7
Let n(b) be the first derivative of -b**2 - 2 + 1/3*b**3 - b. Calculate the remainder when n(5) is divided by 8.
6
Let r(o) = 10*o**2 - o. Let h be (-652)/(-20) + (-4)/(-10). Let x = h + -1. What is the remainder when x is divided by r(-1)?
10
Suppose l - 2 = 3. Suppose -3*g + 11 = -4*o, 4*o - l*g + 13 = -8. Calculate the remainder when (1 - 2)/(1 + -2) is divided by o.
0
Let u = -5 + 13. Suppose 0*v + v = -u. What is the remainder when 26 is divided by (-32)/(-12)*(-42)/v?
12
Let x(j) = j**3 - 3*j**2 + 3*j + 4. Suppose -4*h = -5*h + 3. Suppose -23 = -5*p - l - 2, -2*p - 2 = h*l. Calculate the remainder when x(3) is divided by p.
3
Let l = -7 - -10. Calculate the remainder when l is divided by 3.
0
Let b(y) = y**2 + y + 2. Let r = -49 + 74. What is the remainder when r is divided by b(-4)?
11
Suppose -5*v + 48 = -3*i, 4*i + 11 = 5*v - 38. Suppose 65 = t + 4*t. Suppose -2*w + t = 1. Calculate the remainder when v is divided by w.
3
Suppose -21 = 5*y - 131. Let i be (-4)/(-22) + (-4)/y. Suppose -5*n = -i*v + 4*v, -n - 21 = 5*v. What is the remainder when 10 is divided by n?
2
Let m(r) = r**3 + 2*r**2 + 2*r - 1. Calculate the remainder when m(2) is divided by 7.
5
What is the remainder when 49 is divided by (-1 - 0)*1 - -14?
10
What is the remainder when (0 + 32/6)*3 is divided by ((-15)/(-6))/(4/8)?
1
Let l = -29 - -17. What is the remainder when 46 is divided by (24/5)/(l/(-30))?
10
Let a(d) = -6*d**2 + 2*d - 1. Let y be 2/(-3) + 10/6. Let j be a(y). Let q = 21 + j. What is the remainder when q is divided by 6?
4
Suppose 4*z + 2*v = -20, -7*z = -3*z - 4*v + 32. What is the remainder when 35 is divided by ((-2)/z)/(2/54)?
8
What is the remainder when (1900/12)/5*3 is divided by 24?
23
Suppose -5*v + 8 = -v. Suppose v*i - 2 - 6 = 0. What is the remainder when i is divided by 3?
1
Suppose -3*s + 551 = 2*b, -5*s = 4*b - 1191 + 272. What is the remainder when s is divided by 63?
57
Suppose -18 = 10*q - 138. Calculate the remainder when 58 is divided by q.
10
Suppose 5*p - 5*l - 30 = 0, 4*p + 5*l - 3*l - 54 = 0. Calculate the remainder when -10 + 4 + 2 + 34 is divided by p.
8
Let f(q) = 16*q. What is the remainder when 60 is divided by f(1)?
12
Let a(b) = -4*b - 5. Let v = 19 - -39. Calculate the remainder when v is divided by a(-5).
13
Let t(s) = -s**3 + 5*s**2 + 3*s - 1. Calculate the remainder when (0 + 1)/(2/106) is divided by t(5).
11
Let j(b) = -2*b - 7. Calculate the remainder when 24 is divided by j(-8).
6
Suppose -5*v + 464 = 179. Let x(q) = -2*q**2. Let u be x(4). Let t = u + v. Calculate the remainder when t is divided by 7.
4
Let a = -51 + 25. Let k(m) = -2*m - 6. Calculate the remainder when -1 - a - (-1 - -3) is divided by k(-7).
7
Let v be (-6)/(-2 + 1/2). Let z = -30 + 33. Suppose 0 = 5*f - 25, -z*f + 32 = v*a - 7*f. What is the remainder when 24 is divided by a?
11
Let i(r) = -r**2 - r. Let w(l) = -4*l + 3. Let d(y) = -i(y) + w(y). What is the remainder when (-1 - -1 - -1) + 37 is divided by d(5)?
12
Suppose 0*f - 2*f = 0. Suppose 4*x - 4*w - 160 = -f*w, -154 = -4*x + 2*w. What is the remainder when x is divided by 19?
18
Suppose 6*y - 55 = y. Calculate the remainder when y is divided by 7.
4
Suppose -5*b = -31 - 14. Suppose -3*p = -2*p - 4. Calculate the remainder when 2/p + (-31)/(-2) is divided by b.
7
Suppose 2*f + 2*f - 8 = 0. Suppose 190 = -f*u + 7*u. Calculate the remainder when u is divided by 10.
8
Suppose 3*v - 27 + 6 = 0. Suppose -3*d = -v*d + 16. Calculate the remainder when 7 is divided by d.
3
Let f(t) = 8*t + 28. What is the remainder when f(5) is divided by ((-25)/2 - -1)*-2?
22
Suppose v = -2*v - 12, -134 = -5*z + v. What is the remainder when z is divided by (-5)/110*-202 - (-2)/(-11)?
8
Let g = -11 - -17. What is the remainder when 15 is divided by g?
3
Suppose 2*r = -0*r. Suppose 2*o + 0*o - 14 = r. Calculate the remainder when 1/2 - (-117)/6 is divided by o.
6
What is the remainder when 27 is divided by 0 + -1 + 4 + 4?
6
Suppose -4*b - 82 = -3*q, 2*q + 4*b - 17 - 31 = 0. Suppose 4*o - 1 = 99. Calculate the remainder when o is divided by ((-1)/(-1))/(2/q).
12
Suppose 2*g + 6 = 0, -2*g = -2*y + 4 + 8. Suppose -2 = -d + 3. Suppose 3*c - 25 = d*x, -3*c = -c + x - 8. What is the remainder when c is divided by y?
2
Let f be 1*2 + (-2)/(-2). Let o(g) = -4*g + f*g**3 - 2 - 2*g**3 + 8 - 5*g**2. What is the remainder when 52 is divided by o(6)?
16
Suppose 0 = -4*h + 13 + 3, 0 = -5*r + 3*h + 93. What is the remainder when 60 is divided by r?
18
Suppose -5*q = 5*z - 5, 5*q + 0 = -5. Suppose 4*h = -4*o + 236, 0 = -z*h + 5*h - 3*o - 147. Calculate the remainder when h is divided by (69/6 - 2)*2.
16
Calculate the remainder when ((-12)/(-10))/(20/2100) is divided by 32.
30
Let q = 94 - 79. Calculate the remainder when 74 is divided by q.
14
Suppose 0 = 3*v - 3, 0 = 3*h - 5*v - 7. What is the remainder when 14 is divided by 30/h - 3/(-6)?
6
Suppose 2*j = 2*t - 0*j - 34, -2*t = -3*j - 38. What is the remainder when 38 is divided by t?
12
Suppose -3*z + 3*x - 180 = 0, z + 3*x = 6*x - 60. What is the remainder when 38 is divided by (-48)/z*50/4?
8
What is the remainder when 48 is divided by (-588)/(-60) - 1/(-5)?
8
Let p(f) = 2*f - 6. Let l(c) = -c**2 + 12*c - 6. Let j be l(7). Suppose 0 = -3*z + 3*t + 51, 5*t + j = z - 0*t. What is the remainder when z is divided by p(5)?
2
Let d(c) = -6*c + 1. Let v(j) = j**3 - 10*j**2 - j + 9. Let y be v(10). Suppose -2*k + 38 = -2. What is the remainder when k is divided by d(y)?
6
Calculate the remainder when (21/2)/(15/100) is divided by 24.
22
Let o = 20 + -10. Calculate the remainder when 26 is divided by o.
6
Suppose 207 = 3*d - 2*k, -k + 6 = k. 